 ((-762)/9)/(f/(-24))?
2
Suppose -2*p = 4*m - 6*p - 944, 5*m = 4*p + 1177. What is the hundreds digit of m?
2
Suppose 46*a - 47*a = -681. What is the hundreds digit of a?
6
Let g(v) = v + 13 + 23*v**2 - 23 + 13. What is the units digit of g(-2)?
3
What is the hundreds digit of (114/(-171))/((-1)/993)?
6
Suppose 0 = 2*l - 3*i - 206, -3*i = -3*l - i + 309. Let g = -55 + l. What is the tens digit of g?
4
Let k(t) = t**2 + 2*t**3 - 12*t**2 - t**3 + 16. Suppose 22 = 5*q - 33. What is the units digit of k(q)?
6
Let k = -4 - 8. Let y be ((-6)/k)/(1/(-20)). What is the units digit of 1/(-3)*(-5 + y)?
5
Let x = -10 + 11. What is the units digit of 3*(16/12 + x)?
7
Let f be ((-153)/(-34))/(2/(-20)). Let l = 18 - f. What is the units digit of l?
3
Let u be ((-13)/(-2))/(14/(-56)). Let l = u - -8. What is the units digit of (26/39)/((-4)/l)?
3
Let o(x) = x**2 - 8*x - 12. Let v be -10*(3 - (-42)/(-10)). Let k = v + -2. What is the units digit of o(k)?
8
Suppose -4*j = 2*s - 510, 6*s - 8*s = -4*j + 498. What is the units digit of j?
6
Let a = 114 + -111. Suppose 4*m = 3*j + 657, -3*j = 8*m - a*m - 801. What is the tens digit of m?
6
Suppose 8 + 17 = c. Suppose -c*i = -27*i + 180. What is the units digit of i?
0
What is the thousands digit of (-33075)/(-20) - 2/(-8)?
1
Suppose 5*j + 2*z - 132 = -2*z, -4*z - 36 = -j. What is the tens digit of j?
2
Let w(x) = -x**3 + 6*x**2 - 3*x + 20. Let y be w(6). Suppose 0*m - 2*m + 3*c = -14, 5*m + y*c = 54. What is the units digit of m?
0
Suppose -6*a + 9 + 27 = 0. Suppose a*p + 2*p - 344 = 0. What is the units digit of p?
3
Let r(p) = -p - 10. Let s be r(-8). Let h(i) = -8*i + 2. Let j be h(s). Suppose -4*o - j + 90 = 0. What is the tens digit of o?
1
Let z be 6 + -4 - (-3)/(-1). Let g = 10 - z. Let k = -3 + g. What is the units digit of k?
8
Suppose 4*i + 276 = r - 2*r, i + 72 = -r. Let h = -28 - i. Suppose -2*f = -10 - h. What is the tens digit of f?
2
Let n(t) be the first derivative of t**3/3 + t**2 - 3*t + 2. Suppose -5*u = -2*p + 4*p - 25, 4*p = -2*u + 10. What is the tens digit of n(u)?
3
Let m be (1 - 0)/((-1)/5). Let b = 132 + -116. Let a = m + b. What is the units digit of a?
1
Suppose 11 = 2*w + k, -2*k + 21 + 6 = 5*w. Suppose 2*z + 68 = 4*o, -w*o + 2*o + 36 = -z. Let l = 3 - z. What is the units digit of l?
3
Suppose -5*s - 2*d = -4, 3*s - d + 1 + 1 = 0. Suppose -2*y - 5*h + 122 = s, 0 = h - 3 + 7. What is the units digit of y?
1
Let v = -544 - -1523. What is the units digit of v?
9
Let b(v) = 7 - 13*v - 27 + 6*v - 6*v. What is the units digit of b(-15)?
5
Suppose 11*p - 114 = -8*p. Let q be (1 - 194/14)*-7. Suppose g - p*g + q = 0. What is the tens digit of g?
1
Let l be (1 - 16) + (-2 - -1). Let m = l - -21. Suppose -4*x + 0*x - 12 = 0, -2*x + 94 = m*n. What is the tens digit of n?
2
Let p(h) = -h + 2. Let u = -10 + 21. Let l = u - 12. What is the units digit of p(l)?
3
Let n(j) = 401*j + 9. What is the tens digit of n(5)?
1
What is the units digit of -6 + (1836 - -2) - -8?
0
Let j(r) = r**3 + 10*r**2 - r - 8. Let p be j(-10). Suppose 2*s - 20 = -0*s + 2*b, 0 = -5*s - p*b + 50. What is the units digit of s?
0
Let w(s) = 4*s + 15. Let x be w(-5). Let z be -1 - x - (-524)/4. Suppose 8*f = 3*f + z. What is the tens digit of f?
2
Let u(c) = -c**2 + 10*c - 12. Let l be u(8). Suppose -2*z = -5*d + z - 36, 5*d + 33 = l*z. Let i = d + 15. What is the units digit of i?
6
Let q be (-18)/27 + 4/6. Suppose q = -3*b - 0*b. Suppose b = -d + 32 - 12. What is the tens digit of d?
2
Let b = 23 - 4. Let q be (24/(-48))/(2/(-36)). Let u = q + b. What is the tens digit of u?
2
Suppose -6*l + 32 = -2*l. Let y(s) = s**2 + 2. Let d be y(0). Suppose -6 = -d*z + l. What is the units digit of z?
7
Suppose -36*z = -2*z - 8976. What is the hundreds digit of z?
2
Let r(x) = -x**2 - 11*x + 3. Let j be r(-11). What is the units digit of 187 - (4/1 - j)?
6
What is the thousands digit of (-1*(-12)/(-8))/((-1)/954)?
1
What is the tens digit of 584 - (12/10)/(32/80)?
8
Suppose 2*x = -2*x - 120. Let k = x - -32. What is the units digit of k?
2
Let z(m) = -m**3 + 5*m**2 + m - 2. Let h be z(5). Suppose -h*s + 43 = 3*l + l, l = 2*s - 25. Let v = 23 - s. What is the tens digit of v?
1
Let j(l) = 3*l + 3. Let x(d) = -4*d + 13*d**2 + 8 + 4*d + d**3. Let o be x(-13). What is the units digit of j(o)?
7
Let k = 52 - 13. Let a = 19 - k. What is the units digit of ((-6)/5)/3*a?
8
Let i(h) = -h**2 - 2*h + 7. Let t be i(-4). Suppose -3*j + 5 - 2 = 0. What is the units digit of (-9)/(-1) + j + t?
9
Suppose -5*n + 4*a + 1302 = 0, -11*n = -7*n + 5*a - 1017. What is the hundreds digit of n?
2
Let u = 7 + -3. Suppose -q + 81 = 2*q - 4*v, v + 95 = u*q. Suppose 3*j + q - 71 = 0. What is the units digit of j?
6
Let j be -1*(-20)/(-8)*-2. Suppose -12 = -j*t + 8. Suppose 101 = 5*n - 0*n - 4*h, -t*n + 5*h = -79. What is the tens digit of n?
2
Suppose -26*q = -7522 - 6050. What is the hundreds digit of q?
5
Let k = -37 + 2. What is the tens digit of (-4)/14 + (-1935)/k?
5
Suppose 13*v - 1858 = 2952. What is the hundreds digit of v?
3
Let w(n) = -n - 1. Let m be w(3). Let c = m - -11. What is the units digit of 3 + (c - -1) + 0?
1
Let i(a) = a - 19. Let p be i(10). Let l = 23 + p. What is the tens digit of l?
1
Suppose 0 = -2*o + 32 + 2. Let m(i) = 2*i. Let b(c) = 2*c - 5. Let v(q) = -b(q) + 3*m(q). What is the units digit of v(o)?
3
Let z = 42 + -40. Suppose -5*k = 5*h - 585, -169 + 622 = 4*h - k. Suppose 8 = 4*m, -z*x + m + h = 3*m. What is the units digit of x?
5
Suppose 0 = -2*c - 1 + 9. Let h = c + -17. Let w = -8 - h. What is the units digit of w?
5
Suppose -2*p - 113 = k, -p - 2*k = 2*p + 170. Let n(f) = 9*f - 5. Let d be n(-3). Let h = d - p. What is the units digit of h?
4
Let a = -215 - -345. Suppose 2*l = 5*l + 3*p - 186, 0 = -2*l + 4*p + a. What is the units digit of l?
3
Let q(m) = 6*m - 4. Let z be q(5). Suppose -3*x = z + 37. What is the tens digit of -40*(x/6)/7?
2
Let h be 6/9*(-1 - -4). Suppose -4 = h*d - 10. Suppose i - 16 = -3*b, -2*b - d = 2*i - 3*b. What is the units digit of i?
1
Suppose -4*t - 3*q + 702 + 976 = 0, 0 = 3*q + 6. What is the units digit of t?
1
Let o(t) = t + 2. Let q be o(2). Suppose q*w - 574 = -138. What is the tens digit of w?
0
Suppose -2*d + 708 = -5*u - 1880, -4*u + 3836 = 3*d. What is the hundreds digit of d?
2
Let c = 2044 - 1412. What is the hundreds digit of c?
6
Let c(l) = -l + 11. Let i be c(0). Suppose -i*x = -12*x + 52. What is the tens digit of x?
5
Suppose 18*g - 2*x + 2826 = 21*g, 3*g - 2829 = -3*x. What is the tens digit of g?
4
Suppose 3*i = m - 3 - 8, 3*m = -4*i - 6. Suppose 4*k + m*k - 366 = 0. What is the units digit of k?
1
Suppose -4*g = -8*g. Suppose g = 3*u + 31 - 112. What is the units digit of (-18)/u - 167/(-3)?
5
Let m(s) = -101*s - 1. Let q be m(-1). Let h = q + -32. Suppose -2*i + h = 2*n + 8, -2*i + 60 = 4*n. What is the units digit of i?
0
Suppose 0 = 3*s - 2*q - 7529, -5*s + 12542 = -2*q + 5*q. What is the thousands digit of s?
2
Let n = 3 + 1. Suppose -4*f = n*g, 2*g = -2*f + 5*f + 5. Suppose g + 8 = 3*c. What is the units digit of c?
3
Let u be 1 - (3 - 1)/(-2). Suppose 5*z = 2*o + 20, 6*o = 5*o + u*z - 10. Let r = 7 - o. What is the units digit of r?
7
Suppose 0 = -11*x - 0*x + 2541. What is the tens digit of x?
3
Let s = -1035 - -5408. What is the tens digit of s?
7
Suppose 3*x - x = 22. Let b = x + -9. What is the units digit of b*(-4)/8*-12?
2
Suppose -3*s - 15 = 0, 0*s = 4*g - 3*s - 183. What is the tens digit of (-1 - 1)*(-3 + g/(-12))?
1
Let i = -21 - -44. What is the tens digit of i?
2
Let h = 488 - 220. What is the tens digit of h?
6
Suppose 791 = -11*j + 18*j. Suppose -5*f + j = 2*v + 1, 4*f - 280 = -5*v. What is the tens digit of v?
5
What is the units digit of (3 - 3999/6)/(1/(-2))?
7
Suppose 4*m - 1079 - 6853 = 0. What is the hundreds digit of m?
9
Let p(u) = -498*u - 49. What is the thousands digit of p(-4)?
1
Suppose 5*s - 5*u + 155 = 0, 3*s + 124 = 2*u + 32. What is the hundreds digit of (s/50)/((-2)/730)?
2
Suppose -4*h = -5*k - 7053, h = -0*h - 3*k + 1776. Suppose 6*j = -351 + h. What is the units digit of j?
6
Let g be 6/16*(10 - 2). Suppose g*j - j = 102. What is the units digit of j?
1
Let k(j) = j**2 + 6*j - 23. What is the units digit of k(14)?
7
Suppose -p - 3*i =